ative of -a**5/40 - 5*a**4/24 + 2*a**3/3 - 6. Let f(x) be the third derivative of y(x). Determine f(-4).
7
Let d(b) be the second derivative of 5/6*b**3 + 0 - 2*b + b**2. Determine d(2).
12
Let b(r) = r**3 + 2*r**2 - r - 1. Let z(k) = 8*k**2 + 2*k. Let f(g) = -b(g) + z(g). Give f(6).
19
Let c(t) = t**3 - 7*t**2 + 5*t. Suppose -4*s + s - 6 = 0. Let g be s - 3*16/(-6). Give c(g).
-6
Suppose 3*u - 2*n = -24, 105*n = -u + 104*n - 8. Let t(j) = -j**3 - 6*j**2 + 17*j + 6. What is t(u)?
-2
Let i(g) be the third derivative of -g**4/2 - g**3 + 2*g**2 - 1. Determine i(-4).
42
Let g(l) = l**2 + 2 - l - 3*l**3 + 2*l**3 + 0*l**2. Suppose -4*p = -2*a - 10, 2*a - 1 = a. Suppose 7 + p = 5*f. Calculate g(f).
-4
Let l = 102 - 94. Let p(n) = -8*n**2 + 10*n - 1. Let x(s) = -7*s**2 + 10*s - 2. Let v(q) = 6*p(q) - 7*x(q). Determine v(l).
-8
Let s be (-57)/90 + (-16)/(-20). Let l(x) be the third derivative of 0*x + s*x**3 + 0 - 7/120*x**6 + 0*x**5 - 8*x**2 - 1/12*x**4. Determine l(1).
-8
Let m(c) = 5*c + 6*c - 4*c - 9*c. Determine m(6).
-12
Let h be 10/4*2 + -1. Let q(s) be the third derivative of s**5/120 - 7*s**4/24 + 4*s**3/3 + 6*s**2. Let m(a) be the first derivative of q(a). What is m(h)?
-3
Let h = 37 + -35. Let a be (-3)/((-15)/h)*15. Let w(y) = -y - 1. What is w(a)?
-7
Let r(x) = 2*x**2 - 2*x - 1. Let j = -372 - -371. Give r(j).
3
Let y = -5 + 5. Let b(f) = 2*f - 24. Let t be b(y). Let u = t - -28. Let d(c) = -3*c - 2. Give d(u).
-14
Suppose 4*o + 6 + 6 = 0. Let t(d) = 0*d - 3 + 2*d**3 + 3*d**2 - 2 - 4*d + 6. Determine t(o).
-14
Let g(a) = -108*a - 104*a - 5*a**2 - 24 - 11*a**2 + a**3 + 214*a. Give g(16).
8
Let t be ((-36)/21)/(13/(364/8)). Let r(y) = y + 8. Give r(t).
2
Let v(c) be the second derivative of c**3/2 - 22*c**2 - 251*c. Calculate v(14).
-2
Let k(h) = 3 + 21*h**2 + h**3 + 9*h - 4*h - 11*h**2 - 16*h**2 - 4. What is k(5)?
-1
Let f(j) = -j**3 - j**2 + j. Let h be f(1). Let q be 1 - 1*(1 - h). Let v(k) be the second derivative of k**5/4 - k**4/6 - k**3/6 + 2*k + 137. Calculate v(q).
-6
Let y(h) = -17*h**3 - 8*h**2 - 9*h + 5. Let x(r) = -6*r**3 - 3*r**2 - 3*r + 2. Let c(o) = -11*x(o) + 4*y(o). Give c(-2).
24
Let j = 5 + 0. Let r(k) = -k - 3*k**2 - j + 4 - 2*k**2. Determine r(-1).
-5
Let z(o) = 4*o**2 - 7*o - 13. Let m = -16 + 22. Let q(y) = -2*y**2 + 4*y + 7. Let a(i) = m*z(i) + 11*q(i). Give a(1).
3
Let y(o) = -2*o + 5. Let d(b) = -b**2 + 14*b - 12. Let s be d(12). Let j(n) = -n**2 + 13*n - 7. Let f be j(s). Give y(f).
-5
Let f(v) = v**2 + 13*v + 1. Suppose -71 = -70*x + 75*x + 3*b, -2*x + 2*b - 22 = 0. What is f(x)?
1
Suppose 2*q = 0, 6*q - 12 = -2*k + 3*q. Suppose u = k*u - 3*u. Let d(f) = -f**2 + f - 3. What is d(u)?
-3
Let f(i) = -12 + 2 - 3*i + 3 + 3 + 1. Determine f(-4).
9
Let c(d) = d + 3. Let h be (-1)/2 - (-100)/8. Suppose 0*s - 28 = 3*s + 4*i, -h = 3*i. Calculate c(s).
-1
Let a(w) be the first derivative of 10 - 1/360*w**6 + 2*w**3 + 0*w**2 + 1/30*w**5 + 0*w + 0*w**4. Let i(q) be the third derivative of a(q). Give i(6).
-12
Let n(m) be the second derivative of -m**4/12 - 7*m**3/3 - 11*m**2/2 + 5*m - 4. What is n(-13)?
2
Let p(b) = 4*b**3 - 2*b**2 + b. Let r = 24 + -22. Suppose -3*c = -r - 1. Give p(c).
3
Let m(f) be the third derivative of f**5/60 + 5*f**4/24 - 7*f**3/6 + 2*f**2. Let w(p) = -p**2 - 64*p - 355. Let x be w(-6). Calculate m(x).
7
Let o(t) be the second derivative of 2*t**4/3 + t**3/6 + t. Suppose i = 2, 15*y - 20*y - 3 = -4*i. What is o(y)?
9
Let o(a) = a + 19. Suppose -2*y - 10 = 5*w, 110*y - 109*y + 2 = -4*w. Calculate o(y).
9
Let r(y) = y**3 + 6*y**2 + y + 6. Let b = -107 + 107. Let q be b + -1 + 0 - 5. Calculate r(q).
0
Let q(z) = z**2 + 14*z - 15. Let j(k) = k. Let t(g) = 5*j(g) - q(g). Let i be t(-11). Let m(d) = -d**3 - 7*d**2 - d - 4. Determine m(i).
3
Let o(u) = u**2 - 7*u - 4. Let l(w) = 8*w + 5. Let i(k) = -5*l(k) - 6*o(k). Suppose 0 = -7*y + 6*y + 5. Suppose 3*d + 5*x - x + 1 = 0, y*x = 4*d - 9. Give i(d).
-5
Let n(x) = -x**3 + 12*x**2 + 12*x + 15. Let l be ((-52)/(-24))/(3/18). Let g be n(l). Let z(b) = -5*b + 2. Calculate z(g).
-8
Let h(s) be the third derivative of s**5/60 - s**4/4 - s**3 + s**2. Let x = 99 - 101. Let p be ((-22)/(-55))/(x/(-30)). Calculate h(p).
-6
Let b(a) = -8*a + 17. Let j(h) = -23*h + 50. Let d(u) = -17*b(u) + 6*j(u). Let t = 926 - 918. What is d(t)?
-5
Let w(l) = 19*l**2 + 6*l + 14. Let a(m) = -16*m**2 - 7*m - 13. Let n(u) = 6*a(u) + 5*w(u). Give n(-13).
-21
Let t = -43 - -41. Let b(i) be the second derivative of -i**5/20 - i**4/3 - 5*i. Determine b(t).
-8
Let l(i) = i**3 + 7*i**2 + 10*i - 2. Let h be l(-5). Let c(g) = -13*g - 2. Determine c(h).
24
Let u(w) = w**2 - 2*w - 5. Suppose q - 1 - 1 = 0. Let m be (q/4)/((-4)/48). Let p = 10 + m. Calculate u(p).
3
Let i(d) = 10*d - 4. Let g(b) = 1. Let u(r) = -6*g(r) + 2*i(r). Let c(m) = -7*m + 5. Let y(w) = 17*c(w) + 6*u(w). Calculate y(2).
3
Let q(y) = -4*y + 9*y - 3*y + 1 - 2 + 4. What is q(-5)?
-7
Let v(k) = k**3 + 7*k**2 - 8*k - 1. Let h = -924 + 916. Give v(h).
-1
Let j(d) = -10*d + 49. Let a be j(5). Let n(r) = 17*r - 1. Give n(a).
-18
Let s(x) = -11*x - x**3 - 11*x - 1 + x - 10*x + 41*x - 9*x**2. Give s(-10).
-1
Suppose 9*t + 1 = 10. Let l = 2 + -1. Let a be l + 2 + 3/t. Let p(g) = -g**3 + 7*g**2 - 4*g - 6. Determine p(a).
6
Let p be 9/(36/16) - 2. Let f(o) = 4*o**p - 3*o**2 + 0*o**2 + o**2. Determine f(1).
2
Suppose -3*y - 18 = -3*d, -4*y + 0*d = d + 4. Let k = 7 + y. Suppose 5*x - 3 = -l, k*x + 1 = -l - 2*l. Let t(c) = -c**3 - 2*c**2 - 3*c - 2. Calculate t(l).
4
Let s(d) = -d**2 - 18*d - 74. Let t be s(-13). Let v(k) = 3*k + 21. Determine v(t).
-6
Let a(p) = -4*p**2 - 11*p + 16. Let g(x) = -x**2 - 4*x + 5. Let w(c) = -2*a(c) + 7*g(c). Let r = -7 + 10. Suppose -5*z = -2*z - 4*s - 22, -r*s = 12. Give w(z).
-5
Let f(u) be the third derivative of u**5/60 - 7*u**4/12 - 7*u**3/6 + 14*u**2 + u. Give f(14).
-7
Let w(y) be the first derivative of 7*y**3/6 + y**2/2 + 4*y + 6. Let o(k) be the first derivative of w(k). Let p be 2/(-10) - 54/(-45). Determine o(p).
8
Let z(c) = 10*c. Suppose 4*d - 232 = -4*a, d = -2*a + 41 + 13. Suppose 3*u = -d + 65. Give z(u).
10
Let g(i) = -3*i - 7. Suppose 4*j + 30 = 6. Let v be j/(-1)*(-2)/4. Let q be g(v). Let n(s) = -2*s. Determine n(q).
-4
Let v be (-2 - -2)*-1 + 3. Suppose v + 4 = j. Let l(d) = -j - 8*d - d**2 + 4 - 4. Calculate l(-5).
8
Suppose 4*c - 26 = 2*u, -3*c + 21 = 70*u - 72*u. Let z(y) = -3*y**2 + 2. Determine z(u).
-25
Let w(i) = -i**3 - 5*i**2 - 6*i - 6. Suppose -10*h + 40 = -2*h. Suppose h*u - u + 3*n = -25, 4*n = 2*u - 4. Calculate w(u).
2
Suppose 36 = 5*o + 11. Let d(a) = -4*a + 10. Give d(o).
-10
Let z(l) = -15 + 14 + 4 + 2*l + 4. Calculate z(-5).
-3
Suppose 55*d = 13 + 97. Let a(k) be the first derivative of -1 - k**2 + 1/4*k**4 + 3*k - 2/3*k**3. Calculate a(d).
-1
Let f(d) = 2*d - 2. Suppose 3*a - 88 = -a. Let l = a - 34. Let m(r) = r + 14. Let x be m(l). Determine f(x).
2
Suppose 4*b + 8 = -20. Suppose -3*g = -4*p + 137, -21 = -p + 4*g + 23. Let r(n) = -29*n + 63*n - p*n + 8. Give r(b).
-6
Suppose 5*c - w - 117 = -2*w, 0 = 3*c + w - 69. Suppose 7*n - 3*n = c. Let v(z) = -z + 9. Let g be v(n). Let o(p) = -p**3 + 5*p**2 - 3*p - 2. Give o(g).
7
Suppose -3*s + 4*l = 10, -5*s - 3 = -2*l + 9. Let i(c) = -2*c**3 - 6*c**2 - 3*c + 4. Give i(s).
2
Let a(w) = 10*w**2 - 31*w**2 + 8*w**2 + 14*w**2 - 5*w. Let v(m) = 3*m - 4. Let b be v(3). Calculate a(b).
0
Let v(m) = m**3 - 6*m - 9. Let p be v(-2). Let d(u) = u + 5. Give d(p).
0
Let i(s) = -2*s**3 - 3*s**2 - 3*s - 2. Let g = 129 + -132. Determine i(g).
34
Let t(v) be the first derivative of 4*v**3 - 3. Let d(f) = 203*f**2. Let k(u) = 2*d(u) - 35*t(u). Calculate k(-1).
-14
Let t(m) be the third derivative of 0*m - 1/60*m**5 - 7/24*m**4 + 0 + 5/3*m**3 - 7*m**2. Calculate t(-7).
10
Let g(w) be the third derivative of w**6/240 - w**5/60 - w**4/24 - 5*w**2. Let u(a) be the second derivative of g(a). Determine u(2).
4
Let c(i) = i**2 + 11. Let m(x) = x**2 + x + 10. Let k(h) = 5*c(h) - 6*m(h). Let w be (-5)/1*(-2)/(-2 + 0). Calculate k(w).
0
Let i(q) = 9*q**2 + 62*q + 9. Let t(d) = -8*d - 1. Let l(w) = i(w) + 8*t(w). Let y = 1 - 0. Calculate l(y).
8
Let x(p) = 3*p**2 + 2*p - 6. Let s(m) = 2*m**2 - 4*m + 1. Let o(g) = -4*s(g) + 2*x(g). Give o(9).
2
Suppose 